 21*o. Suppose 4*k - k = -9. Is v(k) composite?
False
Suppose a - 3 = 0, -4*k + 16822 - 1627 = -3*a. Suppose -864 = -3*q + k. Is q a composite number?
True
Let m(h) = 3460*h + 4. Let p be m(2). Let x be p/52 + (-2)/13. Suppose -4*k - x + 689 = 0. Is k composite?
False
Suppose 42 = 4*h + 2*z, 0 = -2*h - z + 6*z + 51. Let m(g) = -55*g + 29. Let n be m(h). Is n/(-22) + 4/(-22) prime?
True
Let r be 1*(-5 - (-2)/2). Let w be r + 0 + 2 + 6. Suppose -3*t + 2238 = -b, -3312 + 323 = -w*t + 3*b. Is t prime?
False
Is 6/4*(-3623820)/(-90) composite?
False
Suppose 4*d - 2*d + 18 = 0. Let h be 20/d - (-10)/45. Is 0 - -259 - (h + 2) a prime number?
False
Let j(m) = 1906*m**2. Let z be j(-1). Suppose 5*v - s = z, 4*v - 4*s - 895 = 633. Is v composite?
True
Is (-38132)/14*7/(-12)*6 prime?
True
Let f(r) = -22*r**2 - 8*r - 5. Let k be f(-9). Let p = k - -2970. Is p a prime number?
False
Suppose 3*y = 3*x + 93360, -y + 15*x - 16*x + 31122 = 0. Is y a composite number?
False
Let a = 670 + -113. Suppose -5*y = -10*y - 4*m + a, 3*m + 458 = 4*y. Is y composite?
False
Suppose -32812 = 9*y - 235429. Is y prime?
False
Let a(h) = -545*h - 44. Is a(-13) composite?
True
Suppose -5*z + 11 = 2*d, d + 5*z = 6 + 7. Let k(q) = -148*q - 3. Is k(d) composite?
False
Suppose w + 12*d - 14*d - 3205 = 0, 3*w = -3*d + 9606. Is w prime?
True
Let y(h) = h**2 + 8*h + 4. Let c be y(-8). Suppose -3*x - 5*a = 10, 3*a + 10 = 3*x - c*x. Suppose 0 = -u + 2, -5*p + 48 = x*u - 152. Is p a prime number?
False
Let m(w) = w + 1. Let q(c) = -30*c - 2. Let b(k) = -3*m(k) + q(k). Is b(-14) composite?
False
Suppose -4*f - h = -153, -5*f - 2*h = -0*h - 195. Suppose 4*a = 1681 - f. Is a a composite number?
True
Let c = -27 - 27. Let l = c + 85. Is l prime?
True
Suppose 4*w = 3*a - a + 16, -5*a = -5*w + 25. Suppose 0 = 4*f - w*c - 24, c - 6 = -f - 0*f. Is 2/6 - (-1912)/f a prime number?
False
Suppose -3*g - 5*v + 4443 = 0, -7405 = -59*g + 54*g - 3*v. Is g composite?
False
Let t(s) = 3653*s**2 - 7*s + 1. Is t(-1) prime?
False
Let o = -117 + 122. Suppose 9*z - 7928 = o*z. Is z composite?
True
Let s(b) = 253*b**3 + 3*b**2 + 2*b + 1. Let n(i) = 4 - 2 + 4*i**2 - 5*i + 253*i**3 + 8*i. Let r(u) = -2*n(u) + 3*s(u). Is r(1) prime?
False
Let g(x) = x**2 + x - 2. Let l(t) = 50*t**2 + 6*t - 11. Let b(i) = -6*g(i) + l(i). Suppose -3*u + 3 = 2*c - 4, -5*c - 20 = -5*u. Is b(u) a composite number?
False
Suppose 0 = -4*f + 4*w + 6564, 5*w - 3254 = 3*f - 5*f. Is f a prime number?
True
Suppose -133*a = -113*a - 3980. Let k(w) = 84*w**2 + 2*w. Let i be k(2). Suppose -i = -7*q + a. Is q a prime number?
False
Suppose 72*c - 944202 = 30*c. Is c a prime number?
True
Let r(f) be the third derivative of -f**7/315 - f**6/720 - f**5/15 - 4*f**2. Let n(l) be the third derivative of r(l). Is n(-5) a prime number?
True
Let j(m) = m**3. Let u(n) = 12*n**3 - n**2 - 7*n + 8. Let z(b) = -5*j(b) - u(b). Is z(-3) a composite number?
False
Let t = 18 + -18. Suppose -5*m - 2113 = -3*i, 2*i + 3*i + m - 3503 = t. Is i a composite number?
False
Let m(z) be the second derivative of z**6/90 + z**5/120 + z**4/24 + z**3 + z. Let f(n) be the second derivative of m(n). Is f(-2) composite?
True
Let q(d) = -4*d - 14. Let c be 32/12*9/(-6). Let l be q(c). Suppose 5*m = 0, -2*a - 1239 = -5*a - l*m. Is a a prime number?
False
Is (2/8)/(10/377800) composite?
True
Suppose -4*u + 15675 = -7345. Is u composite?
True
Suppose -2*l - 4*r + 84406 = 0, 0 = -3*l + 5*r + 17168 + 109474. Is l composite?
False
Let m = -318 - -1061. Is m prime?
True
Let d(y) = 3204*y**2 + 52*y + 201. Is d(-4) composite?
False
Suppose -5*f - 1714 = 2*v, -5*v - 238 = 2*f + 435. Suppose -4*c - 5*a + 2637 = 0, -5*c + 3*a = -0*a - 3324. Let i = f + c. Is i prime?
False
Suppose 3247 = 3*s + 2*v, -2*s - 5*v = -1641 - 542. Is s prime?
False
Let j be (13 + -10)/(1/(-6)). Let d = -14 - j. Let a(y) = 2*y**3 + 3*y**2 - 4*y - 3. Is a(d) a composite number?
False
Let v be ((-10)/(-15))/((-2)/1110). Let p be v/4*12/(-15). Suppose o - p = -o. Is o a composite number?
False
Suppose -2*k - 4 + 6 = -5*f, -3*f - 4*k + 4 = 0. Let y be 1*(f + (-20)/2). Is (8/y)/(12/(-330)) a composite number?
True
Let y = -13190 + 20811. Is y a composite number?
False
Let j = 460 + 4111. Is j composite?
True
Let g = 1059 + 77207. Is g a composite number?
True
Suppose 0 = -z + 2*v - 5, 5*z + 29 = z - v. Let t = 7 + z. Suppose 3*s + 7*p - 3*p - 150 = t, 40 = s - 2*p. Is s composite?
True
Suppose 0 = 4*s + 3*j - 19, -j = -0*s + 4*s - 17. Suppose 0 = -10*a + s*a + 2418. Is a a composite number?
True
Suppose 4*h = 5*s - 521, 3*h + 6*s - 2*s = -352. Let j(v) = 31*v + 7. Let l be j(-6). Let n = h - l. Is n a prime number?
False
Let t(y) = y**3 + 12*y**2 + 2*y + 26. Let i be t(-12). Suppose 5*a - 3511 = s, -i*a + 5*s + 427 = -959. Is a composite?
True
Let g(h) = -h**3 + 2*h**2 + 2*h - 2. Let v(i) = 4 - 2 - 3 - i. Let x be v(2). Is g(x) prime?
True
Let t = -16351 - -33119. Is t/7 + (-2 - 66/(-42)) a composite number?
True
Let g(t) = -1382*t**3 + 3*t**2 + 9*t + 7. Is g(-3) prime?
True
Let i(f) = 244*f**2 + 3*f + 2. Let z(a) = a**2 - 17*a + 13. Let w be z(16). Is i(w) a prime number?
False
Let y(b) = -b**3 + 14*b**2 + 17*b - 11. Let q be y(13). Suppose a + q = 3*r, -108 = -r - 3*a + 25. Is r a composite number?
False
Let b = 657 - -1943. Let q = -1373 + b. Is q a composite number?
True
Suppose -14 = -y + 97. Let o = 38 + y. Is o a prime number?
True
Suppose -4*m = -53 + 377. Let u be (1 - m)*(-5)/5. Let q = 115 + u. Is q a prime number?
False
Suppose -2675 = -n + 2*t, 0 = -0*t - 4*t - 8. Is n a composite number?
False
Suppose -38*x - 104461 = -45*x. Is x prime?
True
Suppose 10*t = t + 20997. Is t composite?
False
Let u(f) = 4*f**2 - 4*f + 6. Let z be u(4). Let r be 2 - -1 - (-2 - z). Suppose -d + 2*t = -r, 3*d - t - 162 = -0*t. Is d prime?
True
Suppose -7*a = -12*a + 5*q + 13815, 3*q - 12 = 0. Is a a composite number?
False
Suppose 0 = 5*i - 3*i. Suppose 4*l - 3 = -d + 7, -4*l - 3*d + 6 = i. Let m(b) = 3*b**3 - 3*b**2 + 4*b + 1. Is m(l) composite?
False
Let s(a) = -a**3 - 9*a**2 + 11*a + 13. Let z(u) = -u**2 - u + 2. Let i be z(3). Let c be s(i). Suppose 4*y = c*y + 79. Is y a prime number?
True
Let t = -722 - -1131. Is t a prime number?
True
Suppose 0 = -2*d + 5*w - 0*w - 4, 5*w = 5*d - 5. Suppose 0 = 5*h - 3*x + 19, -d = 3*h + 6*x - 5*x. Is ((-196)/(-16))/(h/(-8)) a composite number?
True
Let h(i) = -i**2 + 5*i - 4. Let x be h(3). Suppose 3*o + 0 = -5*c + 35, -2*c = x*o - 18. Suppose -l - z = 3*l - 128, -c*l = -2*z - 116. Is l composite?
False
Let y(l) = l**2 - 14*l + 2. Let k(u) = -1. Let j(x) = 3*k(x) + y(x). Let w be j(11). Is (w/4)/(4/(-24)) prime?
False
Suppose -z + 152 = -454. Suppose -c + 4*c = -z. Let y = 7 - c. Is y a prime number?
False
Suppose -2*o = -2*h - o + 12, o = -h + 9. Suppose 0 = -5*k - 5*a + 2030, 1619 = h*k - 3*k + 5*a. Is k prime?
False
Suppose 16*a = 14*a + 16. Is 6740/a*(-12)/(-10) prime?
False
Let l be 48/(-5)*(-25)/(-5)*-3. Suppose 581 = g + l. Is g a prime number?
False
Suppose -29*w - 7 = -28*w. Let d(i) be the second derivative of -i**5/20 + i**4/6 - i**3/3 - 5*i**2 - 2*i. Is d(w) composite?
True
Let o = 14605 - -28774. Is o composite?
True
Let m(z) = -z**2 + 3*z + 4. Let d be m(4). Suppose d = 4*o - 5*q + 12, -o - q = -2*q + 2. Suppose -2*u + 140 = o*u. Is u prime?
False
Let s(j) = -2*j**2 - 6*j - 4. Let n be s(-5). Let p = n - -16. Let f(t) = 2*t**2 + 10*t + 11. Is f(p) a composite number?
False
Let m = 43696 + -24822. Suppose -m - 131247 = -23*k. Is k composite?
True
Let f(p) = 139*p**2 - 2*p - 1. Is f(2) composite?
True
Let n(o) = -3*o - 9. Let c be n(-7). Suppose -3*y - 4*i = -7*i - 708, 2*y = 5*i + 484. Is -3*(y/c)/(-1) composite?
True
Let h = 561 + -244. Is h prime?
True
Is (2/(-6))/((-110)/96690) a prime number?
True
Let g(x) = 53*x**3 - 11*x**2 + 22*x + 85. Is g(11) composite?
False
Suppose 2*o = -4*t + 18796, -2*t + 11*o + 9398 = 9*o. Is t a composite number?
True
Is (-523 + (-6 - 0))*-1 a prime number?
False
Let m(i) = -2*i + 16. Let t be m(8). Suppose t*v = 4*v - 1084. Is v prime?
True
Let y be 65/(-3) + 6/9. Let g be (36/y)/((-1)/21). Suppose -5*o + 115 = 5*x, x - g + 123 = 4*o. Is o a composite number?
True
Is (19 + -17)/((-6)/(-8481)) a prime number?
False
Let b(k) be the third derivat